rt 17538730 (base 10) to base 14.
2487946
What is -553565 (base 7) in base 10?
-97361
What is 3214024401 (base 5) in base 7?
111440543
55647 (base 10) to base 5
3240042
-10110001000111000011 (base 2) to base 3
-1100212010021
Convert -12212120022 (base 3) to base 15.
-243b5
Convert 3102131 (base 4) to base 16.
349d
What is -1021214334 (base 5) in base 11?
-1227179
What is -1a1725 (base 11) in base 12?
-12b256
-652895 (base 10) to base 8
-2373137
-7b12 (base 12) to base 13
-6305
Convert -2111101021211 (base 3) to base 13.
-375892
What is -8a406b (base 14) in base 7?
-54634164
Convert -10201220120 (base 3) to base 16.
-11f5b
What is 5497868 (base 10) in base 4?
110332100030
-6883c (base 13) to base 10
-190345
10020210221012 (base 3) to base 7
20456045
-41500442 (base 6) to base 5
-302033300
Convert 101110100010110010 (base 2) to base 9.
320454
-5560142 (base 9) to base 8
-13323477
-1337415 (base 8) to base 7
-3125633
What is 2cc81 (base 13) in base 12?
4166b
Convert -33b81 (base 15) to base 3.
-22100210011
What is -206714 (base 13) in base 15?
-ee448
131003321313 (base 4) to base 13
17696bb
1b802 (base 16) to base 11
776a2
Convert 269509 (base 13) to base 5.
214401304
Convert 2221002112011 (base 3) to base 2.
101111100000100111101
2502677 (base 8) to base 5
134031344
1bca1d (base 14) to base 3
1212120022112
What is 130621 (base 9) in base 14?
20c3b
44155506 (base 8) to base 5
4412241233
Convert -21323530 (base 8) to base 4.
-101122131120
52352 (base 7) to base 16
324b
What is -2211210021022 (base 3) in base 15?
-1ecc5e
What is 2363063 (base 10) in base 11?
137444a
92777 (base 14) to base 2
1010110000111000101
What is -10101101002 (base 3) in base 9?
-111332
Convert 1236242 (base 7) to base 15.
32902
Convert -11212002021010 (base 3) to base 7.
-30634140
Convert -1457203 (base 8) to base 5.
-101324121
-14828 (base 11) to base 9
-31672
What is -481084 (base 9) in base 4?
-1012223101
3bb19 (base 14) to base 10
147611
3629948 (base 10) to base 2
1101110110001101111100
Convert b68548 (base 13) to base 15.
5965d0
-78242 (base 10) to base 5
-10000432
Convert -238b34 (base 12) to base 4.
-2030131120
Convert -15a1193 (base 11) to base 3.
-12010102200210
1482181 (base 9) to base 7
6661510
What is -85949 (base 10) in base 15?
-1a6ee
Convert -20d2ee (base 16) to base 10.
-2151150
Convert 21100232302 (base 4) to base 13.
6700ab
Convert -1761701 (base 10) to base 15.
-24bebb
What is 220020112112201 (base 3) in base 11?
72aa448
Convert 5468a (base 14) to base 2.
110001111001000010
What is 5f8723 (base 16) in base 7?
104133142
113cbd (base 15) to base 4
3020323123
What is -533210 (base 7) in base 14?
-25940
Convert 2110330111 (base 4) to base 2.
10010100111100010101
40310452 (base 6) to base 7
12504602
-361450 (base 7) to base 3
-10022201021
What is 1150749 (base 10) in base 16?
118f1d
Convert -69635 (base 11) to base 13.
-36a28
What is -106536 (base 8) in base 10?
-36190
13240020 (base 5) to base 4
200222000
What is 202014541 (base 6) in base 3?
20111112020121
What is 1122303031 (base 5) in base 6?
130243544
Convert -250b06 (base 14) to base 16.
-136082
What is 2000233120 (base 4) in base 15?
a639a
What is 383ab1b (base 12) in base 11?
6253863
Convert 282024b (base 12) to base 7.
125015366
Convert -130645600 (base 7) to base 4.
-133312003231
What is -214627 (base 9) in base 14?
-34970
-11cd0 (base 15) to base 5
-3310040
Convert 10551004 (base 6) to base 8.
1173614
Convert -116100532 (base 7) to base 10.
-7311313
366514 (base 8) to base 3
20102020012
Convert -709ca (base 13) to base 15.
-3eb0e
-210110211020121 (base 3) to base 8
-53422301
What is 241232 (base 5) in base 13?
40bb
Convert 213500141 (base 6) to base 4.
32210021131
-218454 (base 9) to base 7
-1053346
Convert -153634505 (base 7) to base 3.
-201110120211222
-38423 (base 13) to base 14
-29c60
Convert 211bd6 (base 14) to base 11.
6a4921
-22200111021222 (base 3) to base 9
-8614258
Convert -17460 (base 14) to base 10.
-58492
What is 130331023 (base 4) in base 9?
200621
-1220030 (base 10) to base 8
-4516676
-232762 (base 8) to base 12
-39b02
Convert -40278a (base 12) to base 13.
-290173
Convert -1799590 (base 12) to base 9.
-10244720
What is 10522 (base 11) in base 2?
11101110100110
-221aa9 (base 16) to base 10
-2235049
3245620 (base 10) to base 16
318634
Convert -66111 (base 13) to base 10.
-184731
What is -255056 (base 7) in base 15?
-e085
What is 3236586 (base 9) in base 7?
20523012
What is -2002012002 (base 3) in base 6?
-513345
Convert -14293 (base 14) to base 5.
-3044123
-3321124 (base 6) to base 11
-103921
-12372 (base 12) to base 11
-17624
Convert 1c3aa9c (base 13) to base 6.
533144313
Convert -187556 (base 11) to base 3.
-112122021200
Convert -3221231033 (base 4) to base 15.
-13d978
What is -11113144 (base 5) in base 3?
-11222022211
What is -111111011001000001 (base 2) in base 11?
-168095
Convert 17c87a7 (base 13) to base 11.
4439945
10032130012 (base 4) to base 11
697277
5ec8 (base 16) to base 10
24264
Convert 19268 (base 11) to base 3.
1100221122
23672552 (base 9) to base 10
11562392
-37912a1 (base 13) to base 16
-1089339
-5341214 (base 8) to base 12
-589324
Convert 110011110010100001 (base 2) to base 7.
1542311
Convert -19a418 (base 11) to base 7.
-2414655
300112 (base 7) to base 14
14579
-63970 (base 10) to base 8
-174742
Convert 40e5a (base 15) to base 13.
7284a
Convert c9a93 (base 13) to base 16.
58f1b
Convert -b98c7 (base 15) to base 2.
-10001111110110110101
-177992 (base 10) to base 7
-1340633
2c288 (base 13) to base 16
147e0
Convert -606162 (base 8) to base 9.
-334053
What is 2498 (base 11) in base 4?
302311
What is 220001002012 (base 3) in base 11?
2a3564
56663351 (base 7) to base 5
2231040234
Convert 103000120132 (base 4) to base 11.
28a3306
What is 141505 (base 11) in base 6?
4425420
What is -370635 (base 10) in base 12?
-15a5a3
What is 478552 (base 9) in base 16?
46697
-13161310 (base 7) to base 4
-10212332020
Convert 193c1 (base 15) to base 3.
11011021201
-56546230 (base 8) to base 6
-1114220132
Convert -1111000100110111111100 (base 2) to base 9.
-7383258
-45462370 (base 8) to base 3
-200112202020020
What is -40023 (base 13) in base 15?
-23cd3
1072540 (base 10) to base 2
100000101110110011100
What is 62b32 (base 16) in base 10?
404274
What is -23324230 (base 5) in base 12?
-a4037
What is 11101111010011011101 (base 2) in base 6?
33001525
What is -20899 (base 16) in base 4?
-200202121
-5981a1 (base 14) to base 8
-13523001
What is -e04b8 (base 15) in base 6?
-23114115
Convert -11001010110111111101110 (base 2) to base 10.
-6647790
-12469633 (base 10) to base 12
-4214281
128530 (base 13) to base 5
103300000
What is -8ab012 (base 12) in base 8?
-10352116
44b90 (base 15) to base 10
218610
-13123234 (base 5) to base 4
-133230123
What is -1124423023 (base 5) in base 7?
-30621031
11398715 (base 10) to base 6
1044151455
-2ed86 (base 15) to base 14
-3d331
10000000100111010001101 (base 2) to base 5
2034330123
What is -1808184 (base 9) in base 4?
-3312202132
10101222011122 (base 3) to base 4
12321330320
What is d4a9 (base 16) in base 11?
379a2
What is -231635364 (base 7) in base 12?
-4921849
287398 (base 14) to base 2
101010110100000011010
-12220200022002 (base 3) to base 7
-35500040
Convert -3179d (base 15) to base 6.
-3210421
134041322 (base 5) to base 2
10101000100000100100
What is 25045 (base 12) in base 7?
266153
-163c842 (base 13) to base 6
-413345140
What is -1500117 (base 9) in base 12?
-33a567
What is -622041 (base 7) in base 14?
-2aa91
What is 200185 (base 10) in base 13?
7016b
What is -1248067 (base 9) in base 6?
-22335524
-2321163 (base 7) to base 12
-120466
1003021320 (base 4) to base 2
1000011001001111000
Convert 1530874 (base 11) to base 15.
36bc5d
-120003002 (base 4) to base 10
-98498
-141130055 (base 6) to base 8
-12715363
What is 3a69ed (base 16) in base 5?
1440000310
Convert -1c7bb0 (base 15) to base 9.
-2553023
87408 (base 11) to base 4
132333121
Convert -158832 (base 9) to base 10.
-98363
What is 110311301330 (base 4) in base 11?
30a1613
Convert -723032 (base 9) to base 16.
-68a89
What is 338885 (base 9) in base 14?
54199
What is 28145 (base 14) in base 10?
99041
What is -85313 (base 13) in base 12?
-b6a78
Convert -6605 (base 13) to base 2.
-11011101111001
What is -4457490